(1). Calculate c(m).
4
Suppose -w + 4 = 1, 3*w = 4*t + 13. Let s(k) = -5*k + 9*k - 8*k. Determine s(t).
4
Suppose 10 = 5*n - 2*f - f, 0 = -4*n - 4*f - 24. Let x(s) = 4*s - 2. Let q(g) = 5*g - 1. Let m(y) = -3*q(y) + 2*x(y). Give m(n).
6
Let c(r) = -r**2 - 7*r. Suppose 0 = -0*i - 2*i + 22. Let o = 5 - i. Give c(o).
6
Let a(g) = g**2 + g - 2. Let k(w) be the second derivative of w**3/6 - w**2 + w. Let m be k(2). Determine a(m).
-2
Let x = 9 + -6. Let b be (-5)/((-10)/(-4)) - x. Let i(c) be the third derivative of -c**4/12 - c**3/2 + c**2. What is i(b)?
7
Let l(g) = -g + 11. Let y be l(9). Let v(j) = 0 - j**y - 3 - 8*j - 2. Give v(-6).
7
Let z be (-2 - -4) + (0 - -2). Suppose -2*n = 2*n + z. Let g(c) = -5*c**3 + c. Give g(n).
4
Let a(r) = -r**3 - 3*r + r - 4*r**2 + 3 - r. Let c be 1*4*5/5. Let z = c + -7. Give a(z).
3
Let l be 3/(-15) + (-2)/(-10). Let a(w) be the second derivative of w + 3/2*w**2 + l + w**3. Determine a(-2).
-9
Let w(n) = -n**2. Let i(b) = b**3 - 8*b - 1. Let q be i(3). What is w(q)?
-4
Suppose 4*d - 31 = -0*d - 5*s, 3*s = -d + 13. Let c(u) = -3*u + 0*u - 1 + u**2 - d + 2*u. Determine c(0).
-5
Let c(f) = -2*f**2 - 2*f - 2. Let b = -2 - 0. Determine c(b).
-6
Let p = 3 + -1. Let s(r) = 3 - 2*r + 5*r + r**p + 1 + 4*r. Determine s(-5).
-6
Let b(y) be the first derivative of y**4/4 + 5*y**3/3 - 4*y**2 - 9*y - 138. Let t be ((-9)/(-12))/((-2)/(-24)). Let l = t + -15. Determine b(l).
3
Let d(c) be the second derivative of -c**4/24 - 5*c**3/6 - c**2/2 + c. Let i(w) be the first derivative of d(w). Let x be (-5)/(-2)*64/(-40). Give i(x).
-1
Let q = -3 - -2. Let x = q - -3. Let r(a) = a**3 - 2 - a - x*a**3 + 2*a. Determine r(-2).
4
Suppose -8 = -2*t, 2*b = 2*t - t + 2. Suppose 2*k + 6*r - b*r + 3 = 0, 2*r = k - 2. Let u(n) = n**2 - 5. Give u(k).
-5
Let m(b) = b**2 + b + 1. Let u(x) be the first derivative of -4*x**3/3 + x**2 - 4*x + 3. Let c(y) = -3*m(y) - u(y). Calculate c(4).
-3
Suppose -7 + 3 = -4*z - 2*u, -2*z + 14 = -5*u. Let w(m) = 4*m - 3. Let c be w(z). Let n(d) = 1 + 2*d + c*d**2 + d**3 - 3*d**2 + d**2. Calculate n(-2).
1
Let x(l) = l**2 - 2*l + l**3 - l**2 - 4 - 2*l**2. Let n(t) = t + 9. Let f be n(-6). Determine x(f).
-1
Suppose 0 = 5*r - 11*r - 24. Let d(h) = -h**2 + h**2 + h**2 + 2*h. Determine d(r).
8
Let u be 2 - (-3)/(-9)*3. Let q = 1 + u. Let s(c) = -c**q - 1 + 4*c - 2 - 1 + 5. Calculate s(4).
1
Let t(u) be the second derivative of -u**3/3 + u**2/2 - 2*u. Determine t(-5).
11
Let c(z) be the first derivative of -z**2/2 - 4*z + 10. Let b(p) = -p**2 + 7*p + 3. Let i be b(8). Calculate c(i).
1
Let k(l) be the third derivative of l**6/40 - l**5/20 - l**4/24 + l**3/3 - 4*l**2 - 3. Give k(2).
12
Let v = 8 - 2. Let z(d) = -d + v*d**3 - 7*d**3 - d**2 + 1 + 2*d. Suppose 0 = 5*r - 5*c + 30, -3*r - 6*c = -4*c - 2. Calculate z(r).
3
Let x = 2 - 2. Suppose -3*f - 2*f = x. Let a(d) = d + 1. What is a(f)?
1
Let p(b) = -3*b + 3*b - 3 - b. Suppose 0 = 2*q - 4, -9 = -2*d + 2*q - 1. Suppose -d = -a - a. Calculate p(a).
-6
Let k be (-3 + 1)/((-1)/2). Let m = k - 4. Let z(q) = -4 + 0*q**3 + q**3 - 6 + 0. What is z(m)?
-10
Let h(i) = i. Suppose d - 1 = -0. Let p be h(d). Let w(f) = -3*f - 5. Let y(k) = -4*k - 6. Let g(u) = -6*w(u) + 5*y(u). Give g(p).
-2
Let w(k) be the third derivative of -k**5/60 + 11*k**4/24 - 2*k**3 + 19*k**2. What is w(9)?
6
Let z(d) = d**3 - 4 - 4 - 3*d + 6 + 4*d**2 - 2. Let y(v) = -v**2 + 1. Let q(m) = -5*y(m) - z(m). Give q(2).
1
Let n(j) = 3*j**3 - 4*j**3 + 0 + 1 + j + 2*j**2. Let u = -54 - -57. Calculate n(u).
-5
Let w = -2 - -4. Let v = 9 - 15. Let x(t) = -6*t + 7. Let i(s) = -6*s + 6. Let z(n) = v*i(n) + 5*x(n). Give z(w).
11
Let s(j) = -2*j**3 + 1 - 5*j**2 + 6*j - j**3 + 2*j**3 + 0. Suppose 0 = -5*v - 6*t + 3*t - 42, 26 = -5*v + t. What is s(v)?
1
Let n be 10/(-80) - (-41)/8. Let o(s) be the second derivative of -2*s**2 + 1/20*s**n + 0 + 2/3*s**3 - s + 5/12*s**4. Determine o(-4).
-4
Suppose 0 = -4*u - 12, -x + 3*u - 4 = -14. Let l(t) = -5*t. Let p be l(x). Let f(q) = -q**2 - 4*q + 6. Calculate f(p).
1
Let j(p) = 3*p - 11. Let d(k) = k - 5. Let n(s) = 7*d(s) - 3*j(s). Give n(-4).
6
Let h(w) = -w**3. Let l(t) = -t**2 + 6*t - 5. Let m be l(6). Let f(g) = g**2 + 5*g. Let n be f(m). Suppose 3*z = 5*u + 22, -5*u + n*u = 25. Give h(z).
1
Let i be (3/(-3))/1 + 3. Let y(a) = i*a**2 - 2*a**2 - a**2 + 1 + 5. Determine y(0).
6
Let z(u) = -3*u - 5. Suppose 2*n = 4*s - 66, 5*s - 2*n = 70 + 13. Suppose -2 + s = 3*y. Suppose -19 + 2 = 5*a - 2*l, 5*a = -y*l - 45. What is z(a)?
10
Let t(y) = -6*y - y**2 - 5 - 3*y**2 + 5*y**2 - 2*y**2. Suppose -5*k - 35 = -10, 5*c - k = 5. Suppose c = 3*w + 9 + 6. Give t(w).
0
Let d(b) = -b - 3. Let c(f) = -2*f - 5. Let g(p) = 3*c(p) - 5*d(p). Let r(o) = -2*o - o + 5*o. Let v be r(-1). Determine g(v).
2
Let q(l) = 8*l. Let y(r) = -r + r + 5 - r + 2. Let t be y(6). Calculate q(t).
8
Let j(m) = -m. Let r(t) = t**3 - 4*t**2 + 4*t - 3. Let k be r(2). Let y = k + -1. Calculate j(y).
4
Let w(g) = 6 + 0*g**2 - 5*g - 1 + 4*g**2 - 5*g**2. Give w(-7).
-9
Let l(g) = -g - 1. Suppose -3*w = w - 8, -2*c + 5*w - 6 = 0. Let h(z) = z**2 + 8*z - 6. Let q(u) = c*l(u) + h(u). Determine q(-6).
-8
Let d(a) = a**2 + 10*a + 6. Let z be d(-10). Let o(m) = 3*m - 9. What is o(z)?
9
Let y(s) = -6*s + 4. Let r(o) = 3*o - 3. Let z(n) = 5*r(n) + 3*y(n). Give z(-4).
9
Let w(r) = -r**2 + 6*r + 1. Let i = 312 + -48. Let z be i/45 + 2/15. Calculate w(z).
1
Let f(o) = -5*o + 3. Let h = -24 + 27. Calculate f(h).
-12
Let v = -25 + 24. Suppose 0 = 2*s + 4*n - n - 22, 2*s - n - 6 = 0. Let h(k) = s*k - 4*k + 6*k. Calculate h(v).
-7
Let r(a) be the first derivative of a**2/2 - 6*a + 24. Let l = 5 - 1. What is r(l)?
-2
Let m = 7 + -7. Let n(f) = -f - 1. Let b(l) = 4*l + 4. Let t(v) = -2*b(v) - 7*n(v). Give t(m).
-1
Let f(b) = -7*b + 3. Let z(y) be the third derivative of -13*y**4/24 + y**3 + 3*y**2. Let n(w) = 11*f(w) - 6*z(w). Determine n(5).
2
Suppose -2*j + 4*t = -0*t - 4, j + 5*t - 2 = 0. Let y(n) = -j*n - 6 - 2*n + 2*n. Give y(-4).
2
Let a(q) = 3*q**3 - 5*q**2 + 7*q - 6. Let t(c) = -10*c**3 + 14*c**2 - 21*c + 18. Let k(d) = 7*a(d) + 2*t(d). What is k(6)?
0
Let g(l) = -51 - 5*l - 45 + 94. Give g(-2).
8
Let r(f) = -20*f - 17. Let u(w) be the second derivative of 7*w**3/6 + 3*w**2 - w. Suppose 3*l + 2*l - 55 = 0. Let n(a) = l*u(a) + 4*r(a). Calculate n(-2).
4
Let d = -27 + 21. Let v(j) = j**3 + 5*j**2 - 5*j - 5. Determine v(d).
-11
Suppose 5*a - 4 - 6 = 0. Suppose -4*u + 28 = 4*x, 4*x - 3*x = -2*u + 10. Let p(s) = -3*s**3 + 1 + 3 - u - s**a. Give p(-1).
3
Let b(d) = d**3 - d**2 - d + 25. Let s(m) = 2*m**3 + m**2 - 2*m - 1. Let a be s(-1). Determine b(a).
25
Let r(y) = y. Let m(i) = -i**2 + 4*i + 4. Let s(w) = -2*w**2 + 5*w + 5. Let x(t) = 3*m(t) - 2*s(t). Let b(h) = r(h) - x(h). What is b(-4)?
-14
Let b(f) = -f**3 + 4*f**2 - f + 1. Suppose 2 = -3*p + 56. Let t be (-2)/3*p/(-4). Give b(t).
7
Let c(j) = 2*j - 14. Let r be (-2 + 12/(-9))*(-9)/3. Determine c(r).
6
Let k(n) = -n**2 + 2*n + 2. Suppose 31*c = 33*c - 6. Give k(c).
-1
Let s(y) = y**2 + 2*y. Let g be (27/(-18))/((-1)/(-2)). Give s(g).
3
Let i(b) = 2*b**2 + 2*b + 7. Let w(m) = -3*m**2 - 3*m - 11. Let k(x) = -8*i(x) - 5*w(x). What is k(-3)?
-7
Let u = -9 + 10. Suppose 0 = h - q - 0 - 4, -5*h - 2*q - u = 0. Let o(a) = 3*a. Determine o(h).
3
Suppose 0 = -7*z + 18*z - 22. Let d(y) = -2*y. What is d(z)?
-4
Let k(w) = -4 + 2 + 8*w - 6*w + w**2 - 7*w. Let x = 3 + 3. Calculate k(x).
4
Let s(n) be the third derivative of 0 - 3*n**2 + 1/24*n**4 - 1/60*n**5 + 0*n**3 + 0*n. Determine s(2).
-2
Let j(x) be the third derivative of x**4/24 - x**3/6 + 8*x**2. What is j(6)?
5
Let n(q) = -q + 2*q - 6 - 2*q. Let o be (-2 - -3)*(-5 - 0). Determine n(o).
-1
Let u(p) = -1 - 7*p + 2*p + p. Let c(h) = -5*h - 3. Let a(r) = 26*r + 16. Let b(m) = -2*a(m) - 11*c(m). Let g(f) = 5*b(f) + 4*u(f). Calculate g(2).
-1
Let c(f) be the third derivative of f**6/120 - f**5/10 + f**4/8 + 5*f**3/6 + 2*f**2. Give c(5).
-5
Let d(q) = -q - 5. Let k(s) = 3*s + 9. Let m be k(-5). Calculate d(m).
1
Let p(m) be the second derivative of -m**3/3 - m**2 + 8*m. Give p(-5).
8
Let o(y) = -y**2 + 6*y - 4. Let c(n) = n**2 + 9*n + 6. Let x be c(-9). Determine o(x).
-4
Let g(w) = -w**3 - 3*w**2 - 3*w + 3. Let s(z) = 4*z**3 + 9*z**2 + 9*